{"id":3851,"date":"2015-10-26T02:03:55","date_gmt":"2015-10-26T01:03:55","guid":{"rendered":"http:\/\/www.flox-music.com\/v3\/?post_type=product&#038;p=3851"},"modified":"2016-04-06T15:04:14","modified_gmt":"2016-04-06T13:04:14","slug":"homegrown-vinyl","status":"publish","type":"product","link":"https:\/\/www.flox-music.com\/v3\/?product=homegrown-vinyl","title":{"rendered":"PACKS"},"content":{"rendered":"","protected":false},"excerpt":{"rendered":"<p>You can write down on the order if you want FLOX to sign the\u00a0album. And please write down the size for the tee shirt.<\/p>\n<p>N&rsquo;h\u00e9sitez pas \u00e0 indiquer dans la commande si vous d\u00e9sirez un album d\u00e9dicac\u00e9 par FLOX. Et aussi la taille pour le tee shirt.<\/p>\n<p>&nbsp;<\/p>\n<p>&nbsp;<\/p>\n<p><a href=\"http:\/\/www.flox-music.com\/v3\/#boutique\">BOUTIQUE<\/a><\/p>\n","protected":false},"featured_media":4442,"comment_status":"closed","ping_status":"closed","template":"","meta":[],"_links":{"self":[{"href":"https:\/\/www.flox-music.com\/v3\/index.php?rest_route=\/wp\/v2\/product\/3851"}],"collection":[{"href":"https:\/\/www.flox-music.com\/v3\/index.php?rest_route=\/wp\/v2\/product"}],"about":[{"href":"https:\/\/www.flox-music.com\/v3\/index.php?rest_route=\/wp\/v2\/types\/product"}],"replies":[{"embeddable":true,"href":"https:\/\/www.flox-music.com\/v3\/index.php?rest_route=%2Fwp%2Fv2%2Fcomments&post=3851"}],"wp:featuredmedia":[{"embeddable":true,"href":"https:\/\/www.flox-music.com\/v3\/index.php?rest_route=\/wp\/v2\/media\/4442"}],"wp:attachment":[{"href":"https:\/\/www.flox-music.com\/v3\/index.php?rest_route=%2Fwp%2Fv2%2Fmedia&parent=3851"}],"curies":[{"name":"wp","href":"https:\/\/api.w.org\/{rel}","templated":true}]}}